mon divisor of 37 and 14689.
37
What is the greatest common factor of 1474638 and 99?
33
Calculate the highest common divisor of 4136 and 16676.
44
Calculate the highest common divisor of 1463 and 24101.
77
Calculate the greatest common factor of 11700 and 240.
60
Calculate the highest common divisor of 130895 and 10.
5
What is the greatest common factor of 5325 and 735?
15
What is the highest common factor of 311 and 169495?
311
What is the greatest common factor of 4059 and 432509?
451
Calculate the highest common factor of 188 and 371347.
47
What is the greatest common divisor of 308355 and 915?
915
What is the greatest common divisor of 32500 and 2300?
100
What is the highest common divisor of 16 and 27541?
1
Calculate the highest common factor of 427068 and 18.
18
Calculate the greatest common divisor of 200 and 2175.
25
What is the highest common divisor of 30277 and 1547?
221
What is the greatest common factor of 3708 and 189?
9
Calculate the greatest common divisor of 2210 and 13770.
170
What is the highest common divisor of 563 and 1117555?
563
Calculate the greatest common factor of 568 and 5964994.
142
Calculate the highest common factor of 234 and 57213.
117
Calculate the greatest common divisor of 99 and 92103.
33
What is the greatest common factor of 3388 and 5852?
308
Calculate the greatest common divisor of 30657 and 1056.
33
What is the greatest common divisor of 156 and 28119?
39
Calculate the highest common factor of 68172 and 437.
437
Calculate the greatest common factor of 2613 and 112788.
39
Calculate the greatest common factor of 27 and 10839.
3
Calculate the highest common factor of 66582 and 3888.
486
Calculate the greatest common factor of 246 and 1452.
6
What is the greatest common divisor of 42320 and 1352?
8
What is the greatest common divisor of 19331 and 91?
13
Calculate the highest common divisor of 349 and 3081670.
349
Calculate the greatest common divisor of 480 and 286320.
240
What is the greatest common divisor of 6732 and 852?
12
Calculate the highest common divisor of 734081 and 2.
1
What is the greatest common divisor of 31 and 199?
1
Calculate the highest common factor of 76 and 111226.
38
Calculate the greatest common divisor of 5128 and 216.
8
Calculate the greatest common factor of 310 and 2728.
62
Calculate the greatest common factor of 5412 and 14784.
132
Calculate the greatest common factor of 14413 and 232.
29
What is the highest common factor of 151312 and 21?
7
Calculate the highest common divisor of 105 and 5845.
35
What is the greatest common factor of 36 and 213534?
18
What is the greatest common divisor of 492399 and 81?
81
What is the highest common factor of 399590 and 1364?
62
Calculate the highest common divisor of 637 and 167531.
637
What is the greatest common factor of 59 and 307154?
59
Calculate the greatest common factor of 10544 and 1200.
16
What is the highest common divisor of 1330 and 10260?
190
What is the highest common divisor of 16400 and 492?
164
What is the highest common factor of 5317 and 359511?
409
Calculate the highest common factor of 2303 and 133.
7
Calculate the greatest common factor of 45888 and 85056.
192
What is the greatest common divisor of 39576 and 1368?
24
What is the highest common factor of 8985 and 2400?
15
Calculate the greatest common factor of 10330 and 1570.
10
What is the greatest common factor of 612 and 2292?
12
Calculate the greatest common factor of 2180 and 44908.
436
What is the highest common factor of 156 and 11436?
12
Calculate the highest common factor of 910 and 54670.
70
What is the highest common divisor of 26614 and 406?
14
What is the greatest common divisor of 113412 and 852?
12
What is the greatest common factor of 58395 and 935?
85
Calculate the highest common divisor of 76 and 160493.
19
Calculate the highest common divisor of 1716 and 2408120.
572
What is the highest common factor of 390283 and 881?
881
Calculate the highest common divisor of 7348 and 5764.
44
Calculate the greatest common factor of 170705 and 5.
5
What is the greatest common divisor of 29952 and 672?
96
Calculate the greatest common divisor of 404 and 22725.
101
Calculate the greatest common divisor of 326396 and 280.
28
Calculate the greatest common divisor of 2874 and 74.
2
Calculate the highest common factor of 1729 and 392.
7
What is the greatest common divisor of 6944160 and 17?
17
What is the greatest common factor of 1108 and 41273?
277
Calculate the greatest common factor of 110 and 127180.
10
Calculate the highest common divisor of 837 and 143406.
279
What is the greatest common divisor of 140 and 56310?
10
Calculate the greatest common factor of 405 and 544185.
135
Calculate the greatest common factor of 283 and 42733.
283
Calculate the highest common factor of 8575 and 3775.
25
What is the highest common factor of 17407 and 338?
169
What is the highest common factor of 3519 and 25875?
207
Calculate the highest common divisor of 30301 and 3474.
193
Calculate the greatest common factor of 128588 and 204.
68
What is the highest common divisor of 4700 and 239230?
470
What is the greatest common factor of 18 and 21948?
6
What is the greatest common factor of 584 and 281342?
146
Calculate the greatest common divisor of 5559 and 629.
17
What is the highest common factor of 27 and 5814?
9
What is the greatest common divisor of 4272 and 3624?
24
What is the greatest common factor of 116127 and 33?
33
What is the greatest common factor of 47150 and 200?
50
What is the greatest common divisor of 76486 and 39412?
334
Calculate the highest common factor of 4536 and 63.
63
Calculate the greatest common divisor of 3002200 and 136.
136
Calculate the highest common divisor of 19855 and 55.
55
What is the highest common factor of 401172 and 84?
12
What is the greatest common factor of 3266 and 4807?
23
Calculate the greatest common divisor of 4 and 14578.
2
Calculate the greatest common divisor of 1253 and 130491.
179
Calculate the highest common factor of 3075 and 53925.
75
Calculate the highest common factor of 23106 and 12.
6
Calculate the highest common factor of 1440 and 1260.
180
Calculate the highest common factor of 680 and 800.
40
Calculate the highest common factor of 377 and 46137.
13
What is the highest common divisor of 714 and 253596?
42
What is the highest common divisor of 3 and 7507071?
3
What is the greatest common factor of 2944070 and 310?
310
Calculate the greatest common divisor of 102 and 474.
6
What is the greatest common divisor of 1090 and 32210?
10
Calculate the greatest common divisor of 162905 and 620.
155
Calculate the highest common factor of 7470 and 540.
90
Calculate the highest common divisor of 1537 and 20299.
53
What is the highest common divisor of 93666 and 55920?
1398
Calculate the highest common divisor of 23218 and 342.
38
Calculate the highest common divisor of 721 and 103.
103
What is the greatest common divisor of 64 and 56864?
32
Calculate the greatest common divisor of 306 and 2958.
102
Calculate the highest common divisor of 21714 and 57849.
33
Calculate the greatest common divisor of 20 and 91150.
10
What is the highest common factor of 255854 and 38?
38
What is the highest common divisor of 58 and 579?
1
What is the greatest common factor of 28730 and 13351?
169
Calculate the greatest common divisor of 22 and 139931.
11
Calculate the highest common factor of 3 and 24711.
3
What is the greatest common divisor of 1655984 and 22?
22
Calculate the highest common factor of 122592 and 72.
24
Calculate the highest common factor of 84 and 671552.
28
What is the greatest common factor of 10707 and 86?
43
Calculate the highest common divisor of 1984 and 79232.
64
Calculate the greatest common divisor of 47530 and 776.
194
Calculate the greatest common divisor of 1680 and 2465680.
560
What is the highest common divisor of 913 and 49551?
83
Calculate the highest common divisor of 30 and 94548.
6
What is the highest common divisor of 106981 and 986?
493
Calculate the highest common divisor of 12469 and 31043.
37
What is the greatest common factor of 918 and 10438?
34
Calculate the highest common divisor of 255910 and 40.
10
Calculate the highest common divisor of 13 and 81731.
13
What is the highest common factor of 582 and 229